s the tens digit of 5664?
6
What is the hundreds digit of 47318?
3
What is the tens digit of 44483?
8
What is the tens digit of 47353?
5
What is the tens digit of 90303?
0
What is the hundred thousands digit of 186091?
1
What is the thousands digit of 1915?
1
What is the units digit of 6945?
5
What is the thousands digit of 161085?
1
What is the units digit of 945?
5
What is the hundred thousands digit of 110777?
1
What is the tens digit of 943?
4
What is the units digit of 5862?
2
What is the units digit of 16479?
9
What is the units digit of 3654?
4
What is the hundreds digit of 181?
1
What is the units digit of 120435?
5
What is the units digit of 512?
2
What is the units digit of 2283?
3
What is the tens digit of 529?
2
What is the hundreds digit of 897?
8
What is the thousands digit of 1158?
1
What is the ten thousands digit of 18775?
1
What is the thousands digit of 6220?
6
What is the hundreds digit of 2494?
4
What is the tens digit of 2282?
8
What is the hundreds digit of 100574?
5
What is the tens digit of 2648?
4
What is the units digit of 1244?
4
What is the hundreds digit of 3400?
4
What is the hundreds digit of 15323?
3
What is the hundreds digit of 368?
3
What is the units digit of 13699?
9
What is the hundreds digit of 2378?
3
What is the hundred thousands digit of 109520?
1
What is the hundreds digit of 665?
6
What is the tens digit of 10?
1
What is the tens digit of 9961?
6
What is the units digit of 1053?
3
What is the units digit of 5283?
3
What is the tens digit of 2242?
4
What is the units digit of 3384?
4
What is the hundreds digit of 418?
4
What is the thousands digit of 1111?
1
What is the hundreds digit of 2626?
6
What is the thousands digit of 1036?
1
What is the hundreds digit of 2909?
9
What is the tens digit of 17859?
5
What is the hundreds digit of 681?
6
What is the thousands digit of 37523?
7
What is the units digit of 1271?
1
What is the thousands digit of 3068?
3
What is the tens digit of 13543?
4
What is the ten thousands digit of 102846?
0
What is the hundreds digit of 4253?
2
What is the tens digit of 2938?
3
What is the ten thousands digit of 52643?
5
What is the thousands digit of 1869?
1
What is the thousands digit of 6182?
6
What is the ten thousands digit of 59798?
5
What is the units digit of 2355?
5
What is the thousands digit of 1221?
1
What is the units digit of 123419?
9
What is the units digit of 12453?
3
What is the units digit of 75794?
4
What is the tens digit of 3180?
8
What is the ten thousands digit of 41486?
4
What is the units digit of 614?
4
What is the ten thousands digit of 39876?
3
What is the tens digit of 23761?
6
What is the units digit of 132872?
2
What is the hundreds digit of 2666?
6
What is the hundreds digit of 4242?
2
What is the ten thousands digit of 17109?
1
What is the tens digit of 726?
2
What is the units digit of 10392?
2
What is the tens digit of 894?
9
What is the thousands digit of 1337?
1
What is the units digit of 8154?
4
What is the tens digit of 2265?
6
What is the tens digit of 35803?
0
What is the thousands digit of 57474?
7
What is the ten thousands digit of 14990?
1
What is the thousands digit of 19675?
9
What is the ten thousands digit of 24306?
2
What is the tens digit of 2730?
3
What is the tens digit of 1123?
2
What is the units digit of 1233?
3
What is the thousands digit of 1307?
1
What is the hundreds digit of 161?
1
What is the tens digit of 92913?
1
What is the thousands digit of 29017?
9
What is the tens digit of 38081?
8
What is the ten thousands digit of 10517?
1
What is the hundreds digit of 3512?
5
What is the hundreds digit of 2926?
9
What is the hundreds digit of 1963?
9
What is the units digit of 1051?
1
What is the units digit of 1243?
3
What is the hundreds digit of 4387?
3
What is the units digit of 37681?
1
What is the units digit of 4899?
9
What is the thousands digit of 56083?
6
What is the thousands digit of 3785?
3
What is the hundreds digit of 44181?
1
What is the units digit of 108420?
0
What is the hundreds digit of 264?
2
What is the units digit of 73066?
6
What is the tens digit of 334?
3
What is the tens digit of 3434?
3
What is the ten thousands digit of 105449?
0
What is the tens digit of 1611?
1
What is the thousands digit of 3858?
3
What is the tens digit of 913?
1
What is the units digit of 14627?
7
What is the units digit of 373?
3
What is the units digit of 1326?
6
What is the thousands digit of 2170?
2
What is the units digit of 4045?
5
What is the tens digit of 8598?
9
What is the hundreds digit of 32491?
4
What is the tens digit of 260?
6
What is the hundreds digit of 16153?
1
What is the units digit of 44855?
5
What is the hundreds digit of 16058?
0
What is the thousands digit of 3129?
3
What is the ten thousands digit of 37803?
3
What is the thousands digit of 1222?
1
What is the thousands digit of 3038?
3
What is the units digit of 25341?
1
What is the thousands digit of 1088?
1
What is the hundreds digit of 71281?
2
What is the units digit of 66741?
1
What is the hundreds digit of 14953?
9
What is the tens digit of 3521?
2
What is the tens digit of 6085?
8
What is the units digit of 470?
0
What is the hundreds digit of 3124?
1
What is the tens digit of 103140?
4
What is the thousands digit of 51496?
1
What is the tens digit of 891?
9
What is the ten thousands digit of 10119?
1
What is the hundreds digit of 343?
3
What is the tens digit of 2943?
4
What is the tens digit of 784?
8
What is the units digit of 17740?
0
What is the thousands digit of 1691?
1
What is the units digit of 76369?
9
What is the hundreds digit of 973?
9
What is the ten thousands digit of 26068?
2
What is the tens digit of 86?
8
What is the hundreds digit of 167?
1
What is the tens digit of 7774?
7
What is the hundreds digit of 18739?
7
What is the thousands digit of 5567?
5
What is the tens digit of 975?
7
What is the thousands digit of 170579?
0
What is the thousands digit of 17009?
7
What is the thousands digit of 10423?
0
What is the units digit of 65167?
7
What is the units digit of 3308?
8
What is the thousands digit of 22977?
2
What is the thousands digit of 2649?
2
What is the tens digit of 564?
6
What is the units digit of 5527?
7
What is the ten thousands digit of 67877?
6
What is the units digit of 873?
3
What is the tens digit of 2723?
2
What is the tens digit of 65?
6
What is the units digit of 2914?
4
What is the tens digit of 621?
2
What is the tens digit of 1366?
6
What is the units digit of 25827?
7
What is the units digit of 2794?
4
What is the tens digit of 712?
1
What is the units digit of 704?
4
What is the units digit of 45708?
8
What is the thousands digit of 16617?
6
What is the thousands digit of 8211?
8
What is the hundreds digit of 2652?
6
What is the tens digit of 182?
8
What is the hundreds digit of 154872?
8
What is the units digit of 46705?
5
What is the units digit of 34919?
9
What is the units digit of 8900?
0
What is the tens digit of 2329?
2
What is the units digit of 101?
1
What is the tens digit of 1485?
8
What is the thousands digit of 31067?
1
What is the tens digit of 1512?
1
What is the units digit of 1098?
8
What is the units digit of 3252?
2
What is the thousands digit of 1004?
1
What is the hundreds digit of 114534?
5
What is the units digit of 3759?
9
What is the tens digit of 3564?
6
What is the tens digit of 24560?
6
What is the hundreds digit of 191524?
5
What is the hundreds digit of 4904?
9
What is the units digit of 23752?
2
What is the hundreds digit of 8194?
1
What is the tens digit of 869?
6
What is the thousands digit of 34521?
4
What is the tens digit of 22482?
8
What is the thousands digit of 43038?
3
What is the tens digit of 12965?
6
What is the units digit of 12327?
7
What is the hundreds digit of 98744?
7
What is the ten thousands digit of 13973?
1
What is the thousands digit of 8534?
8
What is the units digit of 23448?
8
What is the units digit of 629?
9
What is the thousands digit of 1260?
1
What is the tens digit of 83?
8
What is the units digit of 20564?
4
What is the thousands digit of 14962?
4
What is the tens digit of 29101?
0
What is the thousands digit of 22978?
2
What is the tens digit of 22239?
3
What is the units digit of 965?
5
What is the thousands digit of 4643?
4
